
2, 3, 239, 1123
List the prime factors of 503563632.
2, 3, 11, 13, 73363
List the prime factors of 530186249.
617, 859297
List the prime factors of 6280734850.
2, 5, 13, 31, 353, 883
List the prime factors of 2233827455.
5, 17, 37, 727, 977
List the prime factors of 26576633.
251, 105883
What are the prime factors of 8828061?
3, 11, 267517
What are the prime factors of 673120911?
3, 59, 271, 14033
What are the prime factors of 3611083255?
5, 13, 67, 163, 5087
What are the prime factors of 151147287?
3, 2473, 6791
What are the prime factors of 99382292?
2, 24845573
List the prime factors of 471749708.
2, 19, 307, 20219
What are the prime factors of 112652424?
2, 3, 521539
List the prime factors of 76371768.
2, 3, 11, 32143
List the prime factors of 71273870.
2, 5, 53, 89, 1511
What are the prime factors of 131698292?
2, 11, 31, 96553
What are the prime factors of 634302142?
2, 23, 13789177
What are the prime factors of 6624457302?
2, 3, 563, 1961059
What are the prime factors of 328756982?
2, 17, 137, 163, 433
List the prime factors of 1224648970.
2, 5, 1787, 68531
What are the prime factors of 525111035?
5, 823, 127609
List the prime factors of 611866648.
2, 76483331
What are the prime factors of 1304388408?
2, 3, 439, 123803
List the prime factors of 546308117.
281, 1944157
List the prime factors of 2805920.
2, 5, 13, 19, 71
List the prime factors of 85711117.
85711117
List the prime factors of 161562172.
2, 941, 42923
What are the prime factors of 3824954432?
2, 13, 4597301
List the prime factors of 625509631.
3037, 205963
What are the prime factors of 340656712?
2, 11, 1871, 2069
What are the prime factors of 225006875?
5, 521, 691
What are the prime factors of 1524841312?
2, 59, 379, 2131
What are the prime factors of 1169304226?
2, 584652113
What are the prime factors of 129025963?
11, 11729633
What are the prime factors of 4266355879?
11213, 380483
List the prime factors of 2412810090.
2, 3, 5, 4673, 5737
What are the prime factors of 2646813551?
79, 33503969
What are the prime factors of 213103620?
2, 3, 5, 19, 62311
What are the prime factors of 63190748?
2, 47, 336121
What are the prime factors of 85842803?
2099, 40897
List the prime factors of 191364817.
7, 1013, 26987
List the prime factors of 161279715.
3, 5, 10751981
What are the prime factors of 154149116?
2, 11, 3503389
What are the prime factors of 1910302038?
2, 3, 743, 142837
What are the prime factors of 88369092?
2, 3, 7, 173, 2027
List the prime factors of 38723969.
38723969
List the prime factors of 910902768.
2, 3, 18977141
List the prime factors of 936844473.
3, 1747, 178753
List the prime factors of 110956554.
2, 3, 23, 97, 307
List the prime factors of 64070801.
23, 61, 45667
List the prime factors of 627937596.
2, 3, 11, 13, 13553
List the prime factors of 689616063.
3, 157, 488051
What are the prime factors of 484000403?
563, 859681
What are the prime factors of 1009089012?
2, 3, 19, 37, 119617
List the prime factors of 1255824492.
2, 3, 13, 8050157
What are the prime factors of 313780?
2, 5, 29, 541
List the prime factors of 31237353.
3, 7, 3373
List the prime factors of 511567056.
2, 3, 7, 11, 13
List the prime factors of 60884938.
2, 193, 157733
What are the prime factors of 57666159?
3, 17, 19, 83, 239
List the prime factors of 270844046.
2, 11, 12311093
What are the prime factors of 8374058?
2, 7, 11, 54377
List the prime factors of 317731562.
2, 47, 3380123
What are the prime factors of 149982647?
6793, 22079
List the prime factors of 240869419.
7, 61, 564097
What are the prime factors of 878072545?
5, 7, 523, 47969
What are the prime factors of 8758927?
17, 515231
List the prime factors of 5886944599.
23, 255954113
List the prime factors of 4603542430.
2, 5, 460354243
What are the prime factors of 538779101?
7, 31, 1103, 2251
What are the prime factors of 985859811?
3, 109539979
What are the prime factors of 1146540921?
3, 19, 31, 648863
What are the prime factors of 7526628473?
7, 13, 82710203
What are the prime factors of 598430478?
2, 3, 99738413
What are the prime factors of 292956293?
7, 31, 1350029
List the prime factors of 156471668.
2, 23, 37, 43, 1069
What are the prime factors of 241311077?
7, 19, 37, 49037
What are the prime factors of 4234929050?
2, 5, 11, 23, 334777
List the prime factors of 553937565.
3, 5, 36929171
What are the prime factors of 58060009?
7, 557, 14891
List the prime factors of 296506037.
296506037
List the prime factors of 865146166.
2, 41, 10550563
What are the prime factors of 121083978?
2, 3, 457, 44159
What are the prime factors of 9522682?
2, 13, 541, 677
List the prime factors of 2825358779.
2825358779
What are the prime factors of 135014207?
31, 239, 18223
What are the prime factors of 7409199745?
5, 1481839949
What are the prime factors of 31921609?
43, 79, 9397
List the prime factors of 3042565289.
127, 151, 158657
What are the prime factors of 721656059?
721656059
What are the prime factors of 670548732?
2, 3, 7, 1140389
List the prime factors of 911296218.
2, 3, 7, 71, 149, 293
List the prime factors of 184818348.
2, 3, 11, 13, 3989
What are the prime factors of 407736641?
13, 31364357
List the prime factors of 183310323.
3, 7, 1247009
What are the prime factors of 475274694?
2, 3, 37, 2140877
List the prime factors of 655163141.
823, 796067
List the prime factors of 368941705.
5, 11, 609821
What are the prime factors of 1191126561?
3, 12497, 31771
What are the prime factors of 342798519?
3, 7, 16323739
List the prime factors of 23646534.
2, 3, 83, 103, 461
What are the prime factors of 81104092?
2, 20276023
List the prime factors of 420055530.
2, 3, 5, 83, 168697
List the prime factors of 2904233735.
5, 13, 877, 3919
What are the prime factors of 339444550?
2, 5, 6788891
List the prime factors of 29627801.
7, 604649
What are the prime factors of 813594858?
2, 3, 19, 7136797
What are the prime factors of 754989587?
11, 491, 139787
List the prime factors of 5610806271.
3, 7, 1543, 57719
What are the prime factors of 10816471?
17, 636263
What are the prime factors of 90538239?
3, 11, 67, 40949
List the prime factors of 507160061.
507160061
List the prime factors of 279501290.
2, 5, 23, 43, 59, 479
List the prime factors of 84086616.
2, 3, 3503609
List the prime factors of 22921720.
2, 5, 719, 797
What are the prime factors of 86292987?
3, 11, 23, 41, 47, 59
List the prime factors of 1464245865.
3, 5, 127, 256211
What are the prime factors of 467547773?
7, 11, 29, 209381
List the prime factors of 667143285.
3, 5, 44476219
List the prime factors of 1513507247.
7, 30887903
What are the prime factors of 1332365689?
23, 89, 137, 4751
List the prime factors of 13026140.
2, 5, 67, 9721
What are the prime factors of 119336393?
11, 857, 12659
What are the prime factors of 8301524?
2, 7, 11, 26953
List the prime factors of 216274986.
2, 3, 17, 19, 37199
What are the prime factors of 62182743?
3, 7, 2961083
What are the prime factors of 17201005?
5, 179, 19219
What are the prime factors of 106830048?
2, 3, 13, 85601
What are the prime factors of 404137340?
2, 5, 20206867
List the prime factors of 18967260.
2, 3, 5, 13, 24317
List the prime factors of 32973597.
3, 743, 4931
List the prime factors of 1235985384.
2, 3, 51499391
What are the prime factors of 159207?
3, 53069
What are the prime factors of 82655408?
2, 11, 53, 8861
List the prime factors of 450431985.
3, 5, 2179, 13781
What are the prime factors of 191727671?
29, 1283, 5153
List the prime factors of 4280321912.
2, 37, 14460547
List the prime factors of 237977853.
3, 79325951
List the prime factors of 2460095398.
2, 17, 569, 127163
List the prime factors of 14713556.
2, 11, 13, 29, 887
List the prime factors of 96173089.
4253, 22613
List the prime factors of 1065774928.
2, 1427, 46679
What are the prime factors of 41686562?
2, 79, 439, 601
List the prime factors of 417909450.
2, 3, 5, 7, 31, 37, 347
List the prime factors of 5225532556.
2, 17, 76846067
List the prime factors of 1732205232.
2, 3, 463, 25981
What are the prime factors of 50950222?
2, 25475111
What are the prime factors of 50493838?
2, 241, 104759
List the prime factors of 80495565.
3, 5, 107, 50153
List the prime factors of 137332083.
3, 7, 41, 159503
List the prime factors of 17559533.
17559533
Wha